 be (-7 - 354) + -10*1/2. Let k = 382 + t. Let c(x) = 4*x**2 + 2*x + 3. Calculate the remainder when c(3) is divided by k.
13
What is the remainder when (-70013)/(-265) + (-36)/(-20) is divided by 69?
59
Let c(q) = -2 + 2 + 1 + 2*q**2 + 0. Let u be c(1). Suppose u*x - 7 = 2*x + s, -3*x = -5*s - 13. What is the remainder when x is divided by 2?
1
Let k(t) = 5*t - 21. Let y be k(5). Suppose -4*l + y = 2*r - 56, 4*l - 5*r - 60 = 0. What is the remainder when 64 is divided by 66/l*(-105)/(-14)?
31
Suppose 0 = -11*c + 1318 - 834. Suppose 4*i - 2*d = -7*d + 89, -i = 2*d - 23. Calculate the remainder when c is divided by i.
2
Let j(t) be the second derivative of t**3/2 - 22*t**2 + 13*t. Let x be j(-13). Let u = -38 - x. Calculate the remainder when u is divided by 6.
3
Suppose -2*p - y + 72 = 27, -4*y = 12. Let u be (-84)/8*(p/9)/4. Let f = u - -12. Calculate the remainder when 26 is divided by f.
1
Let w = -11183 + 11321. What is the remainder when w is divided by 49?
40
Let h = 11591 + -11474. Calculate the remainder when 382 is divided by h.
31
Suppose 0 = u - 3*u + 5*p + 114, 51 = u - p. Let b(k) = k**3 + 8*k**2 + 11*k + 13. What is the remainder when u is divided by b(-5)?
14
Calculate the remainder when 3261 is divided by ((-32)/(-28))/(10/560).
61
Suppose 95 = 5*i + d, -8*d = 4*i - 6*d - 76. Calculate the remainder when 1877 is divided by i.
15
Suppose 61*n + 4583 = 88*n + 1532. Let a = -33 - -56. Calculate the remainder when n is divided by a.
21
Let y(a) = -325*a + 1960. What is the remainder when 348 is divided by y(6)?
8
Let v(n) = -6*n + 3. Suppose 4*k + 2 = 5*k. Let a be v(k). Calculate the remainder when 23 is divided by (2/a + 34/(-90))*-25.
8
Let n(y) be the first derivative of -y**3/3 - 6*y**2 - 10*y - 1461. Suppose -5*l - 32 = 13. Calculate the remainder when n(l) is divided by 7.
3
Suppose -2*k = -3*o + 580, -3*o - 2*o - 5*k = -925. Let j = o - 119. Calculate the remainder when j is divided by 36*3/18*3.
17
Let s = -531 - -534. Suppose 0 = -s*l + 433 - 310. What is the remainder when 82 is divided by l?
0
Let m(y) = 82*y**3 + 2*y**2 - 8*y + 28. Let g be m(3). Suppose 26*u - 26 - g = 0. Suppose 45 = 3*a + 2*a. What is the remainder when u is divided by a?
6
Let l(b) = b**3 - 2*b**2 - 4*b + 4. Calculate the remainder when l(6) is divided by ((-15)/4)/(3/(-20)).
24
Suppose 4*z + 8*h - 5*h = 305, 5*z - 388 = 3*h. Suppose -8*r + 78 = -2*r. Calculate the remainder when z is divided by r.
12
Let n be 1*5*(-24)/(-30). Suppose m = i - 6*i + 117, -114 = -m - n*i. Let t = 119 - m. What is the remainder when 49 is divided by t?
15
Let h(j) = j**3 + 2*j - 6. Let s = 38295 - 38259. What is the remainder when h(4) is divided by s?
30
Let y = 60 + -60. Suppose y = 2*k - 2*q + 3*q - 55, 0 = -5*k - q + 130. What is the remainder when 74 is divided by k?
24
Let m = 3357 - 3011. What is the remainder when m is divided by 188?
158
Suppose -o - 21219 = -5*s, -101*s + 99*s + 4*o + 8484 = 0. Calculate the remainder when s is divided by 7.
2
Let v = 19063 + -10925. Calculate the remainder when v is divided by 55.
53
Suppose 0 = 5*r + j - 499, 5*r + 119 = -4*j + 630. What is the remainder when r is divided by 52?
47
Let c be (-10)/(2/(-1)) + 0. Suppose -5*k + 4*s + 141 = 0, c*k + 3*s - 90 = 2*k. Calculate the remainder when k is divided by 18.
11
Let t(r) = 4*r**2 - 97*r + 75. Calculate the remainder when 457 is divided by t(24).
49
Suppose r + 1197 = c, -2380 = -2*c + 109*r - 114*r. Calculate the remainder when c is divided by 69.
22
Let f(a) = 5*a**3 - 22*a**2 + 7*a - 13. Let g be f(12). Calculate the remainder when 156 is divided by (-6)/5 + g/115.
15
Let v(p) = -292 - 6*p + 187 + 196. Let j = 227 - 135. What is the remainder when j is divided by v(12)?
16
Let l = -3564 - -4357. What is the remainder when l is divided by 89?
81
Let w = 71 + -66. Suppose w*m = 13 - 3. What is the remainder when 129 is divided by -5*(3 + -5) + 6/m?
12
Let a(r) = -55*r + 56. Let s be a(-6). Suppose -2*o + 2*w = -s, w = -0*w. What is the remainder when o is divided by 49?
46
Let s = -5819 - -6683. Calculate the remainder when s is divided by 205.
44
Let x be 63/14 + 1/(-2). Suppose -22 = -c - x. Let b(i) = 3*i - 30. What is the remainder when b(21) is divided by c?
15
Let i be 310*(-8 - -7)/1. What is the remainder when 61 is divided by (-32)/1008*7 - i/18?
10
Let b(u) = 3*u**2 - 188*u + 107. Calculate the remainder when 1698 is divided by b(63).
168
Suppose -18*n - 16027 = -37591. Calculate the remainder when n is divided by 1196.
2
Let x = 44 - 41. Let z = -16 - -29. Let g(j) = -j**2 + 15*j - 11. What is the remainder when g(z) is divided by x?
0
Let f = -1622 + 1817. What is the remainder when f is divided by 180?
15
What is the remainder when 174 is divided by (8313/255 + -11)/(0 - (-2)/5)?
12
Let l(d) = -48*d - 754. What is the remainder when 513 is divided by l(-16)?
9
Suppose -94*n + 93*n = -2560. Calculate the remainder when n is divided by 42.
40
Suppose 662 = 3*w + 5*l, -21*l = -w - 13*l + 269. Calculate the remainder when w is divided by 28.
5
Let v be 1*6/(-18)*12. What is the remainder when 134 is divided by 75/v*(-5 + (-117)/(-45))?
44
Let d = -1570 + 1869. What is the remainder when d is divided by 12?
11
Calculate the remainder when 2048 is divided by (-1)/1 - 6/(-24)*148.
32
Suppose -h = s - 84, 0 = -5*s + h - 0*h + 444. Calculate the remainder when s is divided by 742/24 + (-997)/(-11964).
26
Let m = 30 + 63. Let j(r) = -2*r**2 - 19*r - 47. Let v(p) = -p**2 - 19*p - 47. Let n(f) = 2*j(f) - 3*v(f). Calculate the remainder when m is divided by n(19).
46
Let v = 23 - 16. Let l(j) be the first derivative of 2*j**2 - 5*j + 43. What is the remainder when l(v) is divided by 14?
9
Suppose 112*w - 111*w + 2*n - 39 = 0, -5*n + 116 = 3*w. Calculate the remainder when 517 is divided by w.
36
Let i be (15/4)/((-9)/(-36)). Suppose -23 = -3*p + f, -i = -4*p - 3*f + 33. Suppose -4*o = 7*o - 572. What is the remainder when o is divided by p?
7
Suppose -2*v = 6*v + 560. Let j = v - -96. What is the remainder when (5096/20)/2 - (-2)/(-5) is divided by j?
23
Let c be (-2)/(-5) - (-26)/10. Let w be (-2)/c - 148/(-6). Suppose w*i - 240 = 21*i. Calculate the remainder when i is divided by 21.
17
Suppose -17*r + 14 = -10*r. Suppose 4*l - 246 = r*t, -2*t - 60 = -2*l + l. Calculate the remainder when 117 is divided by l.
55
Suppose 25378 = 2*z - 57304. Calculate the remainder when z is divided by 128.
125
Suppose 3*a = w + w - 12, 5*w = -4*a + 30. Suppose 0 = -20*g + 7765 - 7065. Calculate the remainder when g is divided by w.
5
Let v = 240 - 267. Calculate the remainder when 272 is divided by (-641)/(-9) - (-6)/v.
59
Suppose -n - 2*n = -8*n. Let g(b) = -b + 10. Suppose 3*a + 9 = o + a, -2*o + 5*a + 14 = 0. Calculate the remainder when o is divided by g(n).
7
Calculate the remainder when 203 is divided by -1*(-43 + (3 - 11)).
50
Let n = -284 + 299. Let h = 142 - n. What is the remainder when h is divided by (-1 + 53)*(-3)/(-6)?
23
Suppose -2*d - d + 2*l = -1115, -2*d - l = -748. Calculate the remainder when d is divided by (76/(-18))/(127/(-2286)).
69
What is the remainder when 7173 is divided by -21 + 247/19 + (41 - -1)?
33
Calculate the remainder when 258 is divided by (9/(-18) + -4)*-6.
15
Suppose -2*j - 80 = -4*x - 3*j, 3*x - 2*j = 71. Suppose 0 = -5*g - 3*i + 196, 3*g + i - 167 + 47 = 0. Calculate the remainder when g is divided by x.
20
Let r = 408 + -342. Suppose 25*t - 31*t + r = 0. Calculate the remainder when 73 is divided by t.
7
Let z be 4/(4/(-2))*4. Let a(d) = 6*d**2 + 7. Let t be a(z). Suppose 400 = 7*b - t. What is the remainder when b is divided by 29?
26
Suppose -7*q = -1535 + 1241. Calculate the remainder when 55 is divided by q.
13
Suppose 0 = -v + 2*v - 2*j - 220, 4*v - 4*j - 888 = 0. What is the remainder when v is divided by 274/6 + ((-60)/(-75))/(18/(-15))?
44
Suppose -3*k = -2*i - 15, 9 - 19 = -2*k - 3*i. Suppose 5*l + 219 = -5*a + 1009, -k*a = 0. What is the remainder when l is divided by 18?
14
Suppose 0 = j - 4*x - 276, -20*j + 15*j = -5*x - 1305. Calculate the remainder when j is divided by 52.
48
Let w(g) = 15*g + 1123. What is the remainder when w(-37) is divided by 280?
8
Let i be ((-25)/10)/(3/(-6)). Suppose i*t = 1361 + 189. What is the remaind